[INFO] fetching crate swym 0.1.0-preview...
[INFO] checking swym-0.1.0-preview against master#af3c6e733a40e671550e0f0f5aeecaa13772ba56 for pr-74989
[INFO] extracting crate swym 0.1.0-preview into /workspace/builds/worker-14/source
[INFO] validating manifest of crates.io crate swym 0.1.0-preview on toolchain af3c6e733a40e671550e0f0f5aeecaa13772ba56
[INFO] running `Command { std: "/workspace/cargo-home/bin/cargo" "+af3c6e733a40e671550e0f0f5aeecaa13772ba56" "read-manifest" "--manifest-path" "Cargo.toml", kill_on_drop: false }`
[INFO] started tweaking crates.io crate swym 0.1.0-preview
[INFO] finished tweaking crates.io crate swym 0.1.0-preview
[INFO] tweaked toml for crates.io crate swym 0.1.0-preview written to /workspace/builds/worker-14/source/Cargo.toml
[INFO] running `Command { std: "/workspace/cargo-home/bin/cargo" "+af3c6e733a40e671550e0f0f5aeecaa13772ba56" "generate-lockfile" "--manifest-path" "Cargo.toml" "-Zno-index-update", kill_on_drop: false }`
[INFO] running `Command { std: "/workspace/cargo-home/bin/cargo" "+af3c6e733a40e671550e0f0f5aeecaa13772ba56" "fetch" "--locked" "--manifest-path" "Cargo.toml", kill_on_drop: false }`
[INFO] running `Command { std: "docker" "create" "-v" "/var/lib/crater-agent-workspace/builds/worker-14/target:/opt/rustwide/target:rw,Z" "-v" "/var/lib/crater-agent-workspace/builds/worker-14/source:/opt/rustwide/workdir:ro,Z" "-v" "/var/lib/crater-agent-workspace/cargo-home:/opt/rustwide/cargo-home:ro,Z" "-v" "/var/lib/crater-agent-workspace/rustup-home:/opt/rustwide/rustup-home:ro,Z" "-e" "SOURCE_DIR=/opt/rustwide/workdir" "-e" "CARGO_TARGET_DIR=/opt/rustwide/target" "-e" "CARGO_HOME=/opt/rustwide/cargo-home" "-e" "RUSTUP_HOME=/opt/rustwide/rustup-home" "-w" "/opt/rustwide/workdir" "-m" "1610612736" "--user" "0:0" "--network" "none" "rustops/crates-build-env@sha256:d92eaeed33fa75130ca1ee6c8a01d1ffb62bac859dfdfb3450e3e5d1c0146529" "/opt/rustwide/cargo-home/bin/cargo" "+af3c6e733a40e671550e0f0f5aeecaa13772ba56" "metadata" "--no-deps" "--format-version=1", kill_on_drop: false }`
[INFO] [stdout] f8052a42a47003499ae00cadf4661487e2c4929e0c4176742ed17b353e82efe1
[INFO] [stderr] WARNING: Your kernel does not support swap limit capabilities or the cgroup is not mounted. Memory limited without swap.
[INFO] running `Command { std: "docker" "start" "-a" "f8052a42a47003499ae00cadf4661487e2c4929e0c4176742ed17b353e82efe1", kill_on_drop: false }`
[INFO] running `Command { std: "docker" "inspect" "f8052a42a47003499ae00cadf4661487e2c4929e0c4176742ed17b353e82efe1", kill_on_drop: false }`
[INFO] running `Command { std: "docker" "rm" "-f" "f8052a42a47003499ae00cadf4661487e2c4929e0c4176742ed17b353e82efe1", kill_on_drop: false }`
[INFO] [stdout] f8052a42a47003499ae00cadf4661487e2c4929e0c4176742ed17b353e82efe1
[INFO] running `Command { std: "docker" "create" "-v" "/var/lib/crater-agent-workspace/builds/worker-14/target:/opt/rustwide/target:rw,Z" "-v" "/var/lib/crater-agent-workspace/builds/worker-14/source:/opt/rustwide/workdir:ro,Z" "-v" "/var/lib/crater-agent-workspace/cargo-home:/opt/rustwide/cargo-home:ro,Z" "-v" "/var/lib/crater-agent-workspace/rustup-home:/opt/rustwide/rustup-home:ro,Z" "-e" "SOURCE_DIR=/opt/rustwide/workdir" "-e" "CARGO_TARGET_DIR=/opt/rustwide/target" "-e" "CARGO_INCREMENTAL=0" "-e" "RUST_BACKTRACE=full" "-e" "RUSTFLAGS=--cap-lints=forbid" "-e" "CARGO_HOME=/opt/rustwide/cargo-home" "-e" "RUSTUP_HOME=/opt/rustwide/rustup-home" "-w" "/opt/rustwide/workdir" "-m" "1610612736" "--user" "0:0" "--network" "none" "rustops/crates-build-env@sha256:d92eaeed33fa75130ca1ee6c8a01d1ffb62bac859dfdfb3450e3e5d1c0146529" "/opt/rustwide/cargo-home/bin/cargo" "+af3c6e733a40e671550e0f0f5aeecaa13772ba56" "check" "--frozen" "--all" "--all-targets" "--message-format=json", kill_on_drop: false }`
[INFO] [stdout] 9396daf4a5ad0d2100fa3f5d9a61793e6b695442a9ac8e82d79ddae189986f45
[INFO] [stderr] WARNING: Your kernel does not support swap limit capabilities or the cgroup is not mounted. Memory limited without swap.
[INFO] running `Command { std: "docker" "start" "-a" "9396daf4a5ad0d2100fa3f5d9a61793e6b695442a9ac8e82d79ddae189986f45", kill_on_drop: false }`
[INFO] [stderr]    Compiling cc v1.0.59
[INFO] [stderr]    Compiling libc v0.2.77
[INFO] [stderr]     Checking cfg-if v0.1.10
[INFO] [stderr]     Checking lazy_static v1.4.0
[INFO] [stderr]     Checking lock_api v0.1.5
[INFO] [stderr]     Checking crossbeam-utils v0.6.6
[INFO] [stderr]     Checking swym v0.1.0-preview (/opt/rustwide/workdir)
[INFO] [stdout] warning: lint `intra_doc_link_resolution_failure` has been renamed to `broken_intra_doc_links`
[INFO] [stdout]   --> src/lib.rs:88:9
[INFO] [stdout]    |
[INFO] [stdout] 88 | #![deny(intra_doc_link_resolution_failure)]
[INFO] [stdout]    |         ^^^^^^^^^^^^^^^^^^^^^^^^^^^^^^^^^ help: use the new name: `broken_intra_doc_links`
[INFO] [stdout]    |
[INFO] [stdout]    = note: `#[warn(renamed_and_removed_lints)]` on by default
[INFO] [stdout] 
[INFO] [stdout] 
[INFO] [stdout] error[E0432]: unresolved imports `std::alloc::Alloc`, `std::alloc::CannotReallocInPlace`, `std::alloc::Excess`
[INFO] [stdout]  --> src/internal/alloc/debug_alloc.rs:2:13
[INFO] [stdout]   |
[INFO] [stdout] 2 |     alloc::{Alloc, AllocErr, CannotReallocInPlace, Excess, GlobalAlloc, Layout},
[INFO] [stdout]   |             ^^^^^            ^^^^^^^^^^^^^^^^^^^^  ^^^^^^ no `Excess` in `alloc`
[INFO] [stdout]   |             |                |
[INFO] [stdout]   |             |                no `CannotReallocInPlace` in `alloc`
[INFO] [stdout]   |             no `Alloc` in `alloc`
[INFO] [stdout]   |             help: a similar name exists in the module: `alloc`
[INFO] [stdout] 
[INFO] [stdout] 
[INFO] [stdout] error[E0432]: unresolved import `std::alloc::Alloc`
[INFO] [stdout]  --> src/internal/alloc/dyn_vec.rs:6:13
[INFO] [stdout]   |
[INFO] [stdout] 6 |     alloc::{Alloc, AllocErr},
[INFO] [stdout]   |             ^^^^^
[INFO] [stdout]   |             |
[INFO] [stdout]   |             no `Alloc` in `alloc`
[INFO] [stdout]   |             help: a similar name exists in the module: `alloc`
[INFO] [stdout] 
[INFO] [stdout] 
[INFO] [stdout] error[E0432]: unresolved import `std::alloc::Alloc`
[INFO] [stdout]  --> src/internal/alloc/fvec.rs:6:13
[INFO] [stdout]   |
[INFO] [stdout] 6 |     alloc::{Alloc, AllocErr, Layout},
[INFO] [stdout]   |             ^^^^^
[INFO] [stdout]   |             |
[INFO] [stdout]   |             no `Alloc` in `alloc`
[INFO] [stdout]   |             help: a similar name exists in the module: `alloc`
[INFO] [stdout] 
[INFO] [stdout] 
[INFO] [stdout] error[E0658]: negative trait bounds are not yet fully implemented; use marker types for now
[INFO] [stdout]   --> src/read.rs:14:14
[INFO] [stdout]    |
[INFO] [stdout] 14 | impl<'tcell> !Send for ReadTx<'tcell> {}
[INFO] [stdout]    |              ^^^^^
[INFO] [stdout]    |
[INFO] [stdout]    = note: see issue #68318 <https://github.com/rust-lang/rust/issues/68318> for more information
[INFO] [stdout]    = help: add `#![feature(negative_impls)]` to the crate attributes to enable
[INFO] [stdout] 
[INFO] [stdout] 
[INFO] [stdout] error[E0658]: negative trait bounds are not yet fully implemented; use marker types for now
[INFO] [stdout]   --> src/read.rs:15:14
[INFO] [stdout]    |
[INFO] [stdout] 15 | impl<'tcell> !Sync for ReadTx<'tcell> {}
[INFO] [stdout]    |              ^^^^^
[INFO] [stdout]    |
[INFO] [stdout]    = note: see issue #68318 <https://github.com/rust-lang/rust/issues/68318> for more information
[INFO] [stdout]    = help: add `#![feature(negative_impls)]` to the crate attributes to enable
[INFO] [stdout] 
[INFO] [stdout] 
[INFO] [stdout] error[E0658]: negative trait bounds are not yet fully implemented; use marker types for now
[INFO] [stdout]    --> src/rw.rs:260:14
[INFO] [stdout]     |
[INFO] [stdout] 260 | impl<'tcell> !Send for RWTx<'tcell> {}
[INFO] [stdout]     |              ^^^^^
[INFO] [stdout]     |
[INFO] [stdout]     = note: see issue #68318 <https://github.com/rust-lang/rust/issues/68318> for more information
[INFO] [stdout]     = help: add `#![feature(negative_impls)]` to the crate attributes to enable
[INFO] [stdout] 
[INFO] [stdout] 
[INFO] [stdout] error[E0658]: negative trait bounds are not yet fully implemented; use marker types for now
[INFO] [stdout]    --> src/rw.rs:261:14
[INFO] [stdout]     |
[INFO] [stdout] 261 | impl<'tcell> !Sync for RWTx<'tcell> {}
[INFO] [stdout]     |              ^^^^^
[INFO] [stdout]     |
[INFO] [stdout]     = note: see issue #68318 <https://github.com/rust-lang/rust/issues/68318> for more information
[INFO] [stdout]     = help: add `#![feature(negative_impls)]` to the crate attributes to enable
[INFO] [stdout] 
[INFO] [stdout] 
[INFO] [stdout] error[E0658]: negative trait bounds are not yet fully implemented; use marker types for now
[INFO] [stdout]    --> src/tx.rs:228:17
[INFO] [stdout]     |
[INFO] [stdout] 228 | impl<T: ?Sized> !Borrow for UnsafeCell<T> {}
[INFO] [stdout]     |                 ^^^^^^^
[INFO] [stdout]     |
[INFO] [stdout]     = note: see issue #68318 <https://github.com/rust-lang/rust/issues/68318> for more information
[INFO] [stdout]     = help: add `#![feature(negative_impls)]` to the crate attributes to enable
[INFO] [stdout] 
[INFO] [stdout] 
[INFO] [stdout] error: aborting due to 8 previous errors; 1 warning emitted
[INFO] [stdout] 
[INFO] [stdout] 
[INFO] [stdout] Some errors have detailed explanations: E0432, E0658.
[INFO] [stdout] 
[INFO] [stdout] For more information about an error, try `rustc --explain E0432`.
[INFO] [stdout] 
[INFO] [stderr] error: could not compile `swym`.
[INFO] [stderr] 
[INFO] [stderr] To learn more, run the command again with --verbose.
[INFO] [stderr] warning: build failed, waiting for other jobs to finish...
[INFO] [stderr] error: build failed
[INFO] running `Command { std: "docker" "inspect" "9396daf4a5ad0d2100fa3f5d9a61793e6b695442a9ac8e82d79ddae189986f45", kill_on_drop: false }`
[INFO] running `Command { std: "docker" "rm" "-f" "9396daf4a5ad0d2100fa3f5d9a61793e6b695442a9ac8e82d79ddae189986f45", kill_on_drop: false }`
[INFO] [stdout] 9396daf4a5ad0d2100fa3f5d9a61793e6b695442a9ac8e82d79ddae189986f45
